. Let s(v) = -1. Let d(k) = -p(k) - 3*s(k). Calculate d(h).
4
Let w(u) = -7 - 12*u + 15*u - 5*u. Let t be (4/4)/(2/(-14)). What is w(t)?
7
Let v(q) = -5*q**2 + q**3 + 3*q**2 - 264 + 266 - q**2 - 4*q + 0*q**3. Determine v(4).
2
Let y(c) = 2*c**3 + 2*c**2 - c - 2. Suppose j - 28 - 64 = 0. Let u be ((-4)/3)/(j/(-207)). Suppose -g - u*b + 7 = 0, 5*b = -3*g + 2*g + 13. What is y(g)?
-8
Suppose 0 = -z + 18 - 18. Suppose z = 4*s + 5*n + 2, -6*s + n = -s + 17. Let k(y) = 2*y**2 + 5*y + 3. Give k(s).
6
Let z(b) = b - 13. Let y be z(12). Let w(r) be the first derivative of -1/2*r**2 + 4 - 5/2*r**4 + 0*r**3 + 0*r. Give w(y).
11
Let g(l) = l**3 + 10*l**2 + 7*l - 11. Let q(h) = 3*h - 2. Let f be q(0). Let p be -5*(f/10 + 2). Determine g(p).
7
Let z = 29 - 25. Suppose -2*p - 22 = 3*g - 6*g, z*p = -4*g - 4. Suppose 2*f = 4*u + 10, -g*u = -u + 5*f - 25. Let l(w) = w**2 - w + 8. Determine l(u).
8
Let i(n) = 16*n + 1. Suppose 5*z = 3*t + 14 - 4, 5*z - 15 = 4*t. Calculate i(z).
-15
Let s(q) = -q**2 - 10*q - 10. Suppose -7 + 57 = -5*v. Give s(v).
-10
Let i(t) = 9*t**3 - 6*t + 6. Let q be i(1). Let k(z) = 2*z - 20. Calculate k(q).
-2
Let h(u) = -u**2 + 159*u + 484. Let m be h(-3). Let f(n) = 2*n + 6. Let r(o) = -o - 2. Let d(i) = 5*f(i) + 14*r(i). Determine d(m).
10
Let n(p) be the third derivative of p**4/12 - 3*p**3/2 - p**2 + 5*p. Determine n(6).
3
Let o(h) = h**3 - 4*h**2 - 4*h - 4. Let b be (2 + -1)/((-6)/(-216)). Let l = b + -31. Calculate o(l).
1
Let w(k) be the first derivative of -k**6/360 + k**5/120 - k**4/8 - 8*k**3/3 + 7. Let f(d) be the third derivative of w(d). Calculate f(3).
-9
Let a(m) = -6*m + m**2 + 3*m**2 + 5*m - 2 - m**2. Give a(2).
8
Let o(b) = -b - 23. Suppose -53*u + 125 = -58*u. Calculate o(u).
2
Let h be 8/(24/63) + 0. Let g(c) = -5 + 13*c**3 + c**2 - h*c**3 + 9*c**3 + 3*c**2 - 6*c. Give g(-5).
0
Let x = 7920 + -7917. Let s(a) = -3*a - 6. Let c(q) = -1. Let u(h) = 5*c(h) - s(h). Calculate u(x).
10
Let a be 10/(-110)*-11 + -2. Let t(v) = -11*v**3 - 2*v**2 + 1. Determine t(a).
10
Let t(g) be the second derivative of -g**4/12 - 7*g**3/6 - 4*g**2 + g - 60. Calculate t(-7).
-8
Let a(s) = -s**2 - 4*s + 6. Suppose -19*t + 26*t + 35 = 0. Give a(t).
1
Suppose 0*f - 4 = -2*f, 3*t = 2*f - 1. Let y be (-48)/(-21) - (-4)/(-14). Let d(i) = 5 - 3 - 3 + 5*i**y + 2*i. What is d(t)?
6
Let s(j) be the second derivative of -23*j**4/6 + j**3/2 + j**2 - 55*j + 4. Give s(-1).
-47
Let g be (-1 - (-40)/25)*10. Suppose -g = -n - 1. Let r(u) = u**2 - 7*u + 5. Give r(n).
-5
Suppose -3*f + 252 = 11*f. Suppose -23*x = -20*x - f. Let v(p) = -p + p**2 - 5 - 1 - 3*p. What is v(x)?
6
Let i(y) = -y**3 + y**2 - 2*y - 2. Let r be i(-1). Suppose r*l - 3*l + 7 = -5*u, l - 6 = 4*u. Let h(g) = 2*g**3 + g**2. Calculate h(u).
-1
Let p(u) be the third derivative of -10*u**2 + 0*u + 1/2*u**3 + 0 + 1/24*u**4 - 1/120*u**6 - 1/12*u**5. Calculate p(-5).
-2
Let x(i) be the third derivative of i**4/8 - 7*i**3/3 - 103*i**2. Give x(9).
13
Suppose -3*y + 22*y = -10*y. Let o(h) = h**2 - 22. What is o(y)?
-22
Let w(g) be the third derivative of -g**6/120 + g**4/6 + g**3/2 - 25*g**2. Let c = -4 + 1. Let z = c + 1. Give w(z).
3
Let j(z) = z + 16. Suppose 14*h = -1 + 43. Let w be -2 + 8/h - (-435)/(-45). Calculate j(w).
7
Let z(c) be the first derivative of -7 - 1/2*c**2 - 2*c. Determine z(3).
-5
Let h(p) = p**3 - 5*p**2 + 3*p - 6. Let j(c) = -1. Let x(q) = 6*q - 29. Let t be x(5). Let a(v) = t*h(v) - 6*j(v). What is a(4)?
-4
Let j(o) = -2*o**2 + 3. Let i be j(-2). Let s(a) = -2*a + 4. Let d(u) = -2*u + 4. Let h(l) = 5*d(l) - 4*s(l). What is h(i)?
14
Let v(p) = -3 + 5 - 1 + p**2 - p. Let x(l) be the first derivative of -l**3/3 + 2*l**2 - 2*l - 10. Let g be x(3). Determine v(g).
1
Let r(p) = 2*p**3 - 6*p**2 + 2*p - 2. Let n(o) = 2*o**2 + 18*o + 19. Let i be n(-8). Give r(i).
4
Let o(z) = 26*z - 29*z + 1 - 3. Suppose -3*v - 3 - 3 = 0. What is o(v)?
4
Let u = 2 - 2. Suppose -34 = -u*q - q. Let x be (-85)/q*(-12)/10. Let z(m) = 3*m - 4. Determine z(x).
5
Suppose 8 = d + i + 17, 13 = -d - 2*i. Let q(y) = -6*y**2 - 12*y - 10. Let r(j) = 7*j**2 + 13*j + 11. Let w(z) = 6*q(z) + 5*r(z). What is w(d)?
5
Let x(v) = 1 + 0 - 1 - 417*v + 414*v. Calculate x(1).
-3
Suppose -3*d - 2*d = 0. Let j be (4/(-8) + d)*-4. Let m(b) = -3*b**j + 9*b + 2*b**2 - 2*b. Give m(7).
0
Let s(a) = a**2 + 4*a + 1. Let r(o) = -o**3 - 15*o**2 - 27*o - 21. Let i be r(-13). Give s(i).
33
Let a(o) = 2*o - 25. Let m be a(15). Let y(v) = -10*v + m*v + 7*v - 3. What is y(3)?
3
Let v be 4/((-8)/6) + 0. Let h = v + 6. Let t(i) = -4*i - 2 + 7 + h*i. Give t(6).
-1
Let q(p) = -p**3 + 7*p**2 - p + 3. Suppose 5*h = -s + 2, -5*s = -4*s + 3*h - 4. What is q(s)?
-4
Let c(m) = 3*m**2 - 3*m + 2. Let s be c(2). Let b be (-18)/48 - 21/s. Let w(a) = -a**2 + 4. Determine w(b).
-5
Let q(w) = w**3 - 15*w**2 - 18*w + 9. Let g(y) = 2*y**3 - 33*y**2 - 36*y + 18. Let s(l) = 3*g(l) - 7*q(l). Give s(8).
7
Suppose -m = m - 6. Suppose 0 = -5*w + b - 3, 3*w - 12 = 4*w - 4*b. Let y(s) = -s**2 - 2 + w*s**2 - m + 5*s. What is y(4)?
-1
Suppose -21 = -0*c - 7*c. Let q(o) = -o - 170 - o**2 + 4*o**c + 170. What is q(-1)?
-4
Let o(s) = 22*s + 18. Let u(d) = 7*d + 6. Let w(z) = -2*o(z) + 7*u(z). Give w(5).
31
Let u be ((-100)/(-45))/((-2)/(-9)). Let r(p) = -p. Give r(u).
-10
Let h(l) = l - 5. Let q be h(6). Let w = 2 + -2. Let a(p) = -15 + p**3 + 14 + w*p + 2*p. Determine a(q).
2
Suppose 0 = n + 5 - 2. Let f(h) = -9*h + 2. Let u(d) = -27*d + 5. Let x(c) = n*u(c) + 8*f(c). Let q be 4 + 1/2*-10. Determine x(q).
-8
Let h(z) = 0 - 6 - 4*z**2 + 4*z + 4*z - 4*z**2 - z**3. Let c(v) = v**3 + 8*v**2 - 8*v + 7. Let a(q) = 2*c(q) + 3*h(q). Give a(-9).
5
Let o(y) = 2*y**2 + 2*y - 3. Let g(b) = 3*b**2 + 3*b - 6. Let m = 39 + -42. Let z(q) = m*g(q) + 5*o(q). Calculate z(0).
3
Let j(w) = -3*w + 37. Let x be j(11). Let v(i) = -i**2 + 4*i - 1. Determine v(x).
-1
Let n(h) = 5*h**2 - 5*h - 5. Let k(a) be the first derivative of -a**3/3 + a**2/2 + a - 7. Let m(l) = 6*k(l) + n(l). Determine m(-3).
-11
Let w(c) be the third derivative of 7*c**4/24 + 48*c**2 + 3*c. Calculate w(0).
0
Let f(u) = -4*u**2 + 30843 - 4*u**3 - 30836 + 3*u**3 + 2*u. Determine f(-3).
-8
Let t(u) be the first derivative of -u**3/3 - 3*u**2/2 - u + 159. Let i = -9 - -6. Determine t(i).
-1
Let r(n) = n**3 + 23*n**2 - 6*n + 2 - 5 - 29*n**2 - 3. Give r(7).
1
Let d(r) = 3*r**2 + r. Let w(k) = -5*k**3 - k**2 - k - 1. Let u be w(-1). Let l be (0 - u)*12/16. Let x be -14 - -10 - l/1. What is d(x)?
2
Let p(k) = -4*k**2 + 4*k + 5. Suppose -3*z = -4*x + 4, 10*x = 6*x + z + 12. Calculate p(x).
-43
Let r(g) = g**3 + 13*g**2 + 13*g + 5. Let b be (72/84)/(2/(-28)). What is r(b)?
-7
Let m(p) be the second derivative of p**6/90 - p**5/60 + p**4/24 - 5*p**3/6 - p. Let l(c) be the second derivative of m(c). Determine l(1).
3
Let b(m) = -2*m**2 + 8*m + 24. Let g be b(6). Let j(p) be the third derivative of 7/24*p**4 + 0 + g*p - p**2 + 0*p**3. Determine j(-1).
-7
Let x be 12 - (-6)/30*-35. Let z(m) = 1 - 6 - 2 + 2*m. Give z(x).
3
Let a(s) = -s**3 + 0*s**2 + 17*s + 5*s**2 + 13 - 5*s**2 + 5*s**2 - 13*s. What is a(6)?
1
Let l = 134 - 123. Let s(p) = 5 + 2*p + 9*p**2 + 6 - 2. Let j(k) = 5*k**2 + k + 4. Let c(o) = l*j(o) - 6*s(o). What is c(0)?
-10
Let b(w) be the first derivative of -w**4/4 - 2*w**3 - w**2 - 3*w - 1. Let s = 22 - 18. Suppose -q + v - 3 = 5, 0 = -s*q + 2*v - 28. Calculate b(q).
9
Let d(z) be the first derivative of -z**4/4 + 4*z**3/3 + 3*z**2/2 - z - 45. Let b be 5 + (1 + 0 - 1). Give d(b).
-11
Suppose -18 = 3*s - 42. Suppose -s*p - 14 - 34 = 0. Let d(a) = -a - 8. What is d(p)?
-2
Let k(h) = -14*h + 5. Let o(a) = 15*a - 6. Let m(f) = -5*k(f) - 4*o(f). Calculate m(-2).
-21
Let b(l) be the second derivative of -l**7/630 - l**6/360 - l**5/120 + 4*l**4/3 - 28*l. Let f(k) be the third derivative of b(k). Give f(-1).
-3
Let x(n) = -n**2 + 7*n - 6. Suppose -32*g - 7*g + 234 = 0. Give x(g).
0
Let q(s) = -6*s**3 - 2*s**2 + s. Suppose 3*g - 13 = -1. Suppose -w + 3*x + 24 = -0*x, -5*w - g*x = -25. Let d = w - 8. Give q(d).
-7
Let u(s) = -3 - 2*s**2 - 9*s + 3*s**2 + 5. Let h be (((-126)/8)/(-3))/(492/656). What is u(h)?
-12
Let i(v) = v**2 + 10*v + 6. Suppose -5*h + 108 = -h. Suppose -h*k = -23*k + 36. Calculate i(k).
-3
Let d(l) = l**2 - 2